b + 50*b. What are the prime factors of h(-5)?
2, 7, 11
List the prime factors of (-117)/(-1053) + (-46727)/(-9).
2, 11, 59
Let v(h) = 9635*h**2 + 142*h - 142. List the prime factors of v(1).
5, 41, 47
List the prime factors of (-4 + 3)/(-8) - (-2101589)/536.
3, 1307
Suppose -2*q + 255 = -2*j - 6201, -4*q + 2*j = -12912. What are the prime factors of q?
2, 3, 269
Suppose -35 = 5*i - 5*h, -i + 5*h = -6 + 29. Let l(u) = -u**2 + 7*u + 6. Let s(g) = g + 1. Let m(c) = i*s(c) + l(c). List the prime factors of m(4).
3
Let s(b) = 58*b**2 + 41*b + 875. List the prime factors of s(-15).
2, 5, 11
Suppose 0 = -j + 6114 + 59674. What are the prime factors of j?
2, 16447
Let g be (-4)/((-393)/78 + 5). Suppose 106*c - 976 = g*c. What are the prime factors of c?
2, 61
Suppose 4*a = -16 + 20. Let u(p) = 5 + a - 3 + p + 63*p. What are the prime factors of u(4)?
7, 37
Suppose -p - 5*o + 25 = -4*p, 20 = 4*p + 4*o. Let w be (6 - 0)/1 + p. List the prime factors of 0/(-2) + (14 - 4 - w).
2
Let f = -24 + 26. Suppose -2*q = 3*b - 152 - 189, -f*q + 301 = -5*b. Suppose 3*p - 158 = q. List the prime factors of p.
107
List the prime factors of (-539937)/(-51) - (1 + -15).
10601
Suppose 2*h - 12*h = -2*z + 106704, -2*h - 266553 = -5*z. List the prime factors of z.
3, 5923
Let s be 1/3*(2 + 4). Suppose 2*p = -f + 1720, s*f + f - 3438 = -4*p. What are the prime factors of p?
3, 7, 41
Let r(o) = -111*o - 162. Let u(b) = b**2 - 20*b - 7. Let d be u(20). List the prime factors of r(d).
3, 5, 41
Let d be (4/(24/21))/((-12)/(-24)). Let o(z) = 2*z**3 + 8*z**2 - 18*z + 10. What are the prime factors of o(d)?
2, 13, 37
List the prime factors of (151 - 210)*(-1493 + (-2 - -2)).
59, 1493
Suppose -5*r + q + 20 = 0, 8*q - 6*q = 4*r - 10. Suppose -3*z - 3*l = -774, r*z + 2*l - 154 - 1124 = 0. List the prime factors of z.
2, 127
Suppose -3*y - 23 = -2*j, 4*j + 2*y + 4 = -2*y. Suppose j*b + b + 659 = r, 1897 = 3*r + 5*b. What are the prime factors of r?
3, 71
Let w = -43 - -71. Let u = w + -24. Suppose -3*d + 184 = -u*c, 2*c - 10 = -3*c. List the prime factors of d.
2
List the prime factors of 32/(9 + -1) + 71521 + -8.
3, 31, 769
Suppose 0 = 15*o - o + 168. What are the prime factors of (-833)/70 - o - (-3698)/20?
5, 37
Suppose 3*v + 26 = -0*v - 5*w, -4*w - 22 = 3*v. What are the prime factors of 45942/217 + v/(-7)?
2, 53
What are the prime factors of (6930/22)/21 + 82290?
3, 5, 31, 59
Let j(p) = -18*p - 46. Let u be j(-18). Let l = 292 - u. What are the prime factors of l?
2, 7
Suppose -16*p = -13*p + 41*p - 2226840. What are the prime factors of p?
2, 3, 5, 7, 241
Let l = 13742 + 20900. What are the prime factors of l?
2, 17321
Let o = 28701 + -15322. What are the prime factors of o?
17, 787
List the prime factors of -17 - (-447210)/36*2.
2, 3, 2069
Let m(h) = 253*h - 1520. List the prime factors of m(56).
2, 3, 17, 31
What are the prime factors of (-6 - (-280)/25)/(6/29220)?
2, 13, 487
Suppose -67 = -n - 16. Suppose 0 = r + j - 21, -2*r + 4*j = 3*j - n. List the prime factors of r.
2, 3
Let q = 44817 + -20646. What are the prime factors of q?
3, 7, 1151
List the prime factors of (6/(-4) - 0)/((-14)/2968).
2, 3, 53
List the prime factors of (2 + (-224)/(-10))*(800 - (41 + -31)).
2, 61, 79
Let k = 41593 - 21545. What are the prime factors of k?
2, 7, 179
Let q(b) = -356*b + 304*b + 4 - 512*b + 13. What are the prime factors of q(-1)?
7, 83
Let f be (14/5)/((-15)/(-150)). Suppose 1624 + 1988 = f*j. List the prime factors of j.
3, 43
Suppose 899040 = -534*o + 564*o. List the prime factors of o.
2, 1873
Suppose 0 = 24*y - 47169 - 84951. List the prime factors of y.
3, 5, 367
Let c be (4 - (-32)/20)/((-6)/(-345)). Suppose 284 = x - c. List the prime factors of x.
2, 3, 101
Let p(l) = l**2 - 13*l - 78. Let m be p(21). List the prime factors of 82344/m - (-5)/75.
3, 5, 61
Let v = 57 - 24. Let j be 25 - ((-10)/(-4) + 915/(-122)). Let q = j + v. List the prime factors of q.
3, 7
Suppose -13*q + 19*q - 10*q + 77704 = 0. List the prime factors of q.
2, 11, 883
Let u(x) = -12*x - 27. Let k be u(-4). Suppose -85 = -k*r + 20*r. List the prime factors of r.
5, 17
Let j be -4 - ((-20)/(-4) - -130). Let x = -66 - j. List the prime factors of x.
73
Suppose 4*u = 12 + 28. Suppose 4*k + i = 5243, 6*k - u*k - 2*i + 5242 = 0. List the prime factors of k.
3, 19, 23
Let r be (-6)/45 + (-52)/60. Let l be r + -1 - (-30 - -1). List the prime factors of (-1995)/(-12) + l/36.
167
Let j(i) = -i**3 + 7*i**2 - 7*i - 7. Suppose -4*h + 3*z = -22, 3*z - 2*z - 16 = -2*h. Let c be j(h). Let d = 10 - c. List the prime factors of d.
2, 3, 11
Suppose 100*m - 25*m - 250075 = -69025. List the prime factors of m.
2, 17, 71
Suppose -8 = 2*v, -5*d + 2*v - 7*v - 15 = 0. What are the prime factors of (d/4)/((-3)/(-996))?
83
Let h = -156 - -91. Suppose 10709 + 2379 = 210*x - 11272. Let q = h + x. List the prime factors of q.
3, 17
Suppose 278 - 288 = 2*w. Let b(q) = -84*q + 190. List the prime factors of b(w).
2, 5, 61
Let m(b) = -b**2 - 11*b - 13. Let i be m(-8). Suppose 14*q - 195 = i*q. Suppose -s + q = o, 0*o + 2*s = -3*o + 195. What are the prime factors of o?
5, 13
Let h be (-6)/45 + ((-28)/30)/(-7). Suppose h = -j + 19 + 30. Let z = -8 + j. What are the prime factors of z?
41
Let i(v) = 1173*v**2 - 78*v - 362. List the prime factors of i(-7).
23, 109
Let v = 43625 - 12774. What are the prime factors of v?
30851
Let v be (4/10 + -2)/(30/(-21975)). Suppose 0 = 5*a - 6508 - v. What are the prime factors of a?
2, 3
Let v(s) = 32*s**2 + 290*s + 34. What are the prime factors of v(-14)?
2, 1123
Let m be 0 + 0 + 2 + 862*4. Suppose 22*k - 24908 - m = 0. What are the prime factors of k?
1289
Let v(w) = 5*w**2 - 51*w - 66. Let z = 331 + -308. What are the prime factors of v(z)?
2, 19, 37
Let i(a) be the first derivative of -689*a**4/4 - 7*a**2/2 - 6*a - 119. What are the prime factors of i(-1)?
2, 3, 5, 23
Let r(i) = i**2 + 39*i + 9. Let v(t) = -5*t**2 - 195*t - 47. Let m(l) = -11*r(l) - 2*v(l). List the prime factors of m(-27).
11, 29
Suppose 0*n = -3*n + 558. Suppose 0*j = 2*c + 4*j + 42, 0 = 2*c - 4*j + 42. What are the prime factors of (-12 - -5)*n/c?
2, 31
Suppose -120 = -6*j - 2*j. Suppose 6*n - j = n. Let k = 90 - n. List the prime factors of k.
3, 29
Suppose 30*u + 180950 = 44*u. What are the prime factors of u?
5, 11, 47
Suppose -189248 = -144*k + 128*k. What are the prime factors of k?
2, 2957
Suppose 4*d = -4*j + 16, 2*d + 3*j = 62 - 54. What are the prime factors of 9 - (5776 - d)/(-4)?
2, 3, 11
Let z be (-16)/(-6)*(-27)/(-18). Suppose 3*d + 0*j + 2*j = 826, -z*j = 2*d - 540. List the prime factors of d.
2, 139
Let p = 373 + -184. Let m = 76 + p. What are the prime factors of m?
5, 53
Let b(v) = v**2 - 54*v + 1891. What are the prime factors of b(39)?
2, 653
Let z(f) = -3*f - 4. Let m be z(-3). Suppose -3*b + 5*h = 2*b - 45, 11 = 2*b + m*h. List the prime factors of (-1 - -1) + 1176/b.
3, 7
Let p = -72 + 72. Suppose -6*i - 13*i + 6878 = p. List the prime factors of i.
2, 181
Let h(k) be the first derivative of 52*k**3/3 - 2*k**2 + 7*k + 191. List the prime factors of h(-3).
487
Suppose -240890 = -5*r - 87*i + 88*i, -6*r - 5*i + 289068 = 0. What are the prime factors of r?
2, 13, 17, 109
Let p(o) = -1271*o - 1269. List the prime factors of p(-12).
3, 59, 79
Suppose 0 = -b + 4 + 3. Let u be -3 + 23/b - (-47625)/35. Suppose -5*x = h - u, -375 = -2*x + 5*h + 191. List the prime factors of x.
3, 7, 13
Let n(g) = 15*g**2 + 5*g + 7. Let y be n(-5). Let b = 247 - y. Let r = b - -157. List the prime factors of r.
47
Suppose -2*l - 43 = -18*r + 13*r, -r + 2*l = -7. Let w(x) = 99*x + 255. List the prime factors of w(r).
2, 3, 191
Let v be (1377/(-85) - -15)/((-2)/200). Suppose 0 = -4*l + 6 + 2. Suppose v = l*a + 20. List the prime factors of a.
2, 5
Suppose 2161 = i + 5*h, 2*i = h + 3671 + 618. List the prime factors of i.
2, 29, 37
Suppose -604200 = -31*x - 36*x + 10*x. List the prime factors of x.
2, 5, 53
Suppose a + 3*k = 5*a - 106628, -5*a = -2*k - 133299. What are the prime factors of a?
7, 13, 293
Let j(i) = 34*i + 24. Let k(x) = x**2 - 8*x**2 + 5*x**2 - 5 + 10*x. Let r be k(4). What are the prime factors of j(r)?
2, 3, 7
Let p(z) = -9*z - 160. Let j be p(-18). Suppose -2*d + 6*d - 1085 = -3*v, 5*d + 685 = j*v. What are the